{"id":154,"date":"2018-11-14T17:23:50","date_gmt":"2018-11-14T17:23:50","guid":{"rendered":"http:\/\/paginas.facmed.unam.mx\/deptos\/ana\/?page_id=154"},"modified":"2020-04-21T20:16:44","modified_gmt":"2020-04-21T20:16:44","slug":"historia","status":"publish","type":"page","link":"https:\/\/anatomia.facmed.unam.mx\/index.php\/historia\/","title":{"rendered":"Historia"},"content":{"rendered":"<p>[et_pb_section fb_built=\u00bb1&#8243; _builder_version=\u00bb3.24.1&#8243; border_width_top=\u00bb3px\u00bb border_color_top=\u00bb#bd2a3b\u00bb border_width_bottom=\u00bb3px\u00bb border_color_bottom=\u00bb#bd2a3b\u00bb custom_margin=\u00bb||-1px|||\u00bb custom_padding=\u00bb54px|0px|30px|0px|false|false\u00bb][et_pb_row custom_padding=\u00bb2px|0px|0|0px|false|false\u00bb _builder_version=\u00bb3.22.3&#8243;][et_pb_column type=\u00bb4_4&#8243; _builder_version=\u00bb3.15&#8243;][et_pb_text _builder_version=\u00bb3.24.1&#8243; border_width_bottom=\u00bb3px\u00bb border_color_bottom=\u00bb#bd2a3b\u00bb]<\/p>\n<h1 class=\"text-center red-text text-darken-4\" style=\"text-align: center;\"><span style=\"color: #bd2a3b;\"><b>Historia<\/b>\u00a0de la\u00a0<b>Anatom\u00eda<\/b><\/span><\/h1>\n<p>[\/et_pb_text][et_pb_text _builder_version=\u00bb3.15&#8243;]<\/p>\n<h2 class=\"text-center light\" style=\"text-align: center;\"><span style=\"color: #bd2a3b;\">Autor:\u00a0<b><i>Dr. Salvador de Lara Galindo<\/i><\/b><\/span><\/h2>\n<p>[\/et_pb_text][\/et_pb_column][\/et_pb_row][et_pb_row _builder_version=\u00bb3.22.3&#8243;][et_pb_column type=\u00bb4_4&#8243; _builder_version=\u00bb3.15&#8243;][et_pb_text _builder_version=\u00bb3.15&#8243; inline_fonts=\u00bbTimes New Roman\u00bb]<\/p>\n<h4><span style=\"font-family: 'Times New Roman'; font-weight: normal;\"><span style=\"font-size: large;\">\u00a0 \u00a0 \u00a0<em>La Historia de la <span style=\"color: #bd2a3b;\">A<b>natom\u00eda<\/b><\/span>\u00a0macrosc\u00f3p<\/em><\/span><em>ica se imbrica con la de los distintos grupos humanos. Es posible que los primitivos guerreros o cazadores hayan sido los primeros en observar y detectar la forma de las v\u00edsceras, de los huesos y de los grandes vasos, entre otros \u00f3rganos, a los que les aplicaron alguna denominaci\u00f3n esto puede explicar el por qu\u00e9 se aplic\u00f3 el t\u00e9rmino \u201cm\u00fasculo\u201d, palabra que etimol\u00f3gicamente se deriva de \u201cmus\u201d que significa rat\u00f3n, posteriormente, estos primeros conocimientos anat\u00f3micos se asociaron a los ritos y ofrendas con fines m\u00e1gicos o religiosos; tal como suced\u00eda con los egipcios que vaciaban y embalsamaban los cad\u00e1veres de sus pr\u00f3ceres para momificarlos, o con los nahuas quienes durante los sacrificios sab\u00edan que para extraer el coraz\u00f3n hab\u00eda que hacerlo a trav\u00e9s del diafragma. A esto se suman las desmembraciones o disecciones de animales con fines ceremoniales o predictivos.<\/em><\/span><\/h4>\n<h4><em><span style=\"font-family: 'Times New Roman'; font-weight: normal;\">En el siglo V a C., en el floreciente Siglo de Pericles, destaca la presencia de Hip\u00f3crates, m\u00e9dico que inici\u00f3 la separaci\u00f3n del pensamiento m\u00e1gico de la pr\u00e1ctica m\u00e9dica, basada en la observaci\u00f3n pura para el logro del conocimiento, asimismo logr\u00f3 estudios sencillos y precarios del estudio de embriolog\u00eda y <span style=\"color: #bd2a3b;\">A<b>natom\u00eda<\/b>.<\/span><\/span><\/em><\/h4>\n<h4><em><span style=\"font-family: 'Times New Roman'; font-weight: normal;\">Durante el transcurso de la Edad Media, el progreso de las ciencias fue lento a excepci\u00f3n del intercambio cultural en las Cruzadas y en aquellos reinados dominados por los moros que, a la vez de hacer un sometimiento militar, influyeron decisivamente en la cultura y en la ciencia. Aunado a esto, est\u00e1 la proliferaci\u00f3n de las universidades como la de Salerno, en cuya escuela de medicina se empez\u00f3 a se\u00f1alar la importancia de la disecci\u00f3n en cad\u00e1veres como base del progreso m\u00e9dico; la de Bolonia, donde en 1281 durante sus c\u00e1tedras se realiz\u00f3 la primera autopsia, La de Montepellier, donde se hac\u00edan estudios m\u00e9dicos; la de Venencia, caracterizada por su libertad acad\u00e9mica y la de Padua que ocupa un lugar preponderante en los hitos anat\u00f3micos por la presencia en sus aulas de Andrea Vesalio (1514-1564), quien sent\u00f3 las bases cient\u00edficas para el conocimiento preciso de la anatom\u00eda fundamentadas en la disecci\u00f3n y el dibujo, trabajo que se plasm\u00f3 en el libro:\u00a0De humanis corporis fabrica.<\/span><\/em><\/h4>\n<h4><em><span style=\"font-family: 'Times New Roman'; font-weight: normal;\">Entre los anatomistas que hicieron avanzar esta ciencia durante esas \u00e9pocas se encuentran: Falopio, Eustaquio, Acguapendente, Bauhin, Arancio, Miguel Servet, Juan Valverde, Luis Collado y Pedro Jimeno.<\/span><\/em><\/h4>\n<h4><em><span style=\"font-family: 'Times New Roman'; font-weight: normal;\">En M\u00e9xico, durante el virreinato, el 21 de junio de 1578, se establece en la Real y Pontificia Universidad la C\u00e1tedra Prima de Medicina en donde se hac\u00edan estudios anat\u00f3micos y se public\u00f3 por el doctor Alonso P\u00e9rez la\u00a0Suma y Recopilaci\u00f3n de Cirug\u00eda.<\/span><\/em><\/h4>\n<h4><em><span style=\"font-family: 'Times New Roman'; font-weight: normal;\">En 1620 en la misma Universidad, por Real Pragm\u00e1tica del Rey Felipe III, se estableci\u00f3 la primera c\u00e1tedra de Cirug\u00eda y <span style=\"color: #bd2a3b;\">A<b>natom\u00eda<\/b>\u00a0<\/span>a cargo del doctor Crist\u00f3bal Hidalgo y Vendaval. El d\u00eda 8 de octubre de 1646, los maestros Juan Correa y Andr\u00e9s Mart\u00ednez de Villaviciosa efectuaron la primera disecci\u00f3n en el cad\u00e1ver de un ajusticiado, en presencia de los protom\u00e9dicos, cirujanos y practicantes de la Escuela de Cirug\u00eda.<\/span><\/em><\/h4>\n<h4><em><span style=\"font-family: 'Times New Roman'; font-weight: normal;\">Despu\u00e9s de la guerra de Independencia, por \u00f3rdenes del presidente don Antonio L\u00f3pez de Santa Ana, la Real y Pontificia Universidad de M\u00e9xico es disuelta y surge con el nombre de Universidad Nacional y Pontificia la que, entre sus dependencias, contaba con el Colegio de Medicina de Bel\u00e9n, en el cual la materia de <span style=\"color: #bd2a3b;\">A<b>natom\u00eda<\/b><\/span>\u00a0se incluy\u00f3 en un conjunto integrado de disciplinas y no en forma aislada como era com\u00fan en ese entonces.<\/span><\/em><\/h4>\n<h4><em><span style=\"font-family: 'Times New Roman'; font-weight: normal;\">El 12 de enero de 1842 el Colegio de Medicina de Bel\u00e9n se transform\u00f3 en Escuela de Medicina, donde se impart\u00edan las materias de <span style=\"color: #86192c;\">A<b>natom\u00eda\u00a0<\/b><\/span>descriptiva y la de pr\u00e1cticas de disecci\u00f3n. Dos a\u00f1os m\u00e1s tarde se traslad\u00f3 al local del Antiguo Palacio de la Inquisici\u00f3n.<\/span><\/em><\/h4>\n<h4><em><span style=\"font-family: 'Times New Roman'; font-weight: normal;\">Durante el gobierno de don Valent\u00edn G\u00f3mez Far\u00edas, se hizo una reforma a la ense\u00f1anza y como consecuencia se clausuraron las dos escuelas de medicina que exist\u00edan, llenando ese vac\u00edo el Establecimiento de Ciencias M\u00e9dicas, fundado el 19 de octubre de 1833 y cuyo primer director fue el doctor Casimiro Liceaga quien promovi\u00f3 la elaboraci\u00f3n de un programa cient\u00edfico que permiti\u00f3 cursar la carrera \u00fanica de M\u00e9dico Cirujano y Partero. Dicho establecimiento representa el origen de nuestra actual Facultad de Medicina.<\/span><\/em><\/h4>\n<h4><em><span style=\"font-family: 'Times New Roman'; font-weight: normal;\">Durante el periodo que precedi\u00f3 al movimiento revolucionario el estudio de las ciencias m\u00e9dicas se distingui\u00f3 por el predominio de la influencia francesa, iniciada durante la presidencia del general Porfirio D\u00edaz, no quedando exenta de esta influencia la ense\u00f1anza de la <span style=\"color: #bd2a3b;\">A<b>natom\u00eda<\/b><\/span>\u00a0la cual se sustentaba en los libros de Testut, Rouviere, Testut Jacob, Poirier, etc\u00e9tera.<\/span><\/em><\/h4>\n<h4><em><span style=\"font-family: 'Times New Roman'; font-weight: normal;\">En el a\u00f1o de 1933 se inicia una nueva reforma educativa, correspondi\u00e9ndole al ilustre maestro Ignacio Ch\u00e1vez dirigirla, logrando la construcci\u00f3n, entre otras, el auditorio, la biblioteca y un anfiteatro de disecciones, el plan de estudios de esa \u00e9poca conten\u00eda las materias en ciclos anuales de <span style=\"color: #bd2a3b;\">A<b>natom\u00eda<\/b><\/span>\u00a0descriptiva, disecci\u00f3n, <span style=\"color: #bd2a3b;\">A<b>natom\u00eda<\/b><\/span>\u00a0topogr\u00e1fica, otro a\u00f1o de disecci\u00f3n y una de proped\u00e9utica quir\u00fargica que en realidad era una <span style=\"color: #bd2a3b;\">A<b>natom\u00eda<\/b><\/span>\u00a0aplicada a la cl\u00ednica quir\u00fargica.<\/span><\/em><\/h4>\n<h4><em><span style=\"font-family: 'Times New Roman'; font-weight: normal;\">En 1957 se trasladaron las instalaciones de la Facultad de Medicina a la Ciudad Universitaria, se reform\u00f3 una vez m\u00e1s el plan de estudios, en donde administrativamente se unieron las asignaturas de <span style=\"color: #bd2a3b;\">A<b>natom\u00eda<\/b>,<\/span> histolog\u00eda y embriolog\u00eda, desapareciendo la materia de\u00a0<span style=\"color: #86192c;\"><b><span style=\"color: #bd2a3b;\">Anatom\u00eda<\/span>\u00a0<\/b><\/span>topogr\u00e1fica, ocup\u00f3 su lugar los estudios de <span style=\"color: #bd2a3b;\">A<b>natom\u00eda<\/b><\/span>\u00a0cl\u00ednica y <span style=\"color: #bd2a3b;\">A<b>natom\u00eda<\/b><\/span>\u00a0radiol\u00f3gica. Al validarse el Plan de Estudios de 1967 para la carrera de M\u00e9dico Cirujano, surgido para allanar la problem\u00e1tica de adaptarse a un nuevo calendario escolar con ciclos semestrales y satisfacer la gran demanda de aspirantes a medicina, los estudios de la materia de <span style=\"color: #bd2a3b;\">A<b>natom\u00eda<\/b><\/span>\u00a0humana se impartieron en un solo semestre con una orientaci\u00f3n segmentaria (<span style=\"color: #bd2a3b;\">A<b>natom\u00eda<\/b><\/span>\u00a0regional).<\/span><\/em><\/h4>\n<h4><em><span style=\"font-family: 'Times New Roman'; font-weight: normal;\">El Plan de Estudios para la carrera de M\u00e9dico Cirujano 1985 incluye a la asignatura de morfolog\u00eda humana, en donde se vuelve a reunir a las materias de <span style=\"color: #bd2a3b;\">A<b>natom\u00eda<\/b><\/span>, embriolog\u00eda, citolog\u00eda e histolog\u00eda. Finalmente, en el actual Plan \u00danico de Estudios de la Facultad de Medicina, la <span style=\"color: #bd2a3b;\">A<b>natom\u00eda<\/b><\/span>\u00a0es una materia obligatoria, de duraci\u00f3n anual, situada dentro del rubro de las disciplinas b\u00e1sicas.<\/span><\/em><\/h4>\n<h4><em><span style=\"font-family: 'Times New Roman'; font-weight: normal;\">Ser\u00eda una crasa omisi\u00f3n el no mencionar a algunos de los destacados anatomistas del siglo XX que engrandecieron nuestra Facultad tal como los doctores Fernando Siliceo, Andr\u00e9s de Garay, Dar\u00edo Fern\u00e1ndez Fierro, Arturo de los R\u00edos, Martin S\u00e1nchez, Carlos Dubl\u00e1n Carranza, Benjam\u00edn Bandera, Jos\u00e9 Negrete Herrera, Mario Garc\u00eda Ramos, Tarquino Gonz\u00e1lez, Fernando Quiroz Guti\u00e9rrez, Luis Mart\u00ednez Ballesteros, entre otros muchos que impartieron sus c\u00e1tedras en estas aulas.<\/span><\/em><\/h4>\n<h4><em><span style=\"font-family: 'Times New Roman'; font-weight: normal;\">Finalmente y a manera de corolario, queda mencionar que aunque la <span style=\"color: #bd2a3b;\">A<b>natom\u00eda<\/b><\/span>\u00a0es una ciencia tan antigua como la humanidad, no es una ciencia est\u00e1tica, sino din\u00e1mica y cambiante, siempre ha ido tomada de la mano de las innovaciones tecnol\u00f3gicas y de otras ciencias, tanto afines como de aquellas que parecieran no tener relaciones con ella, lo que ahora preconizamos como verdad, puede variar, existen panoramas a\u00fan no observados o de la biolog\u00eda molecular, en las aplicaciones a la cl\u00ednica y a la terap\u00e9utica, en el razonamiento diagn\u00f3stico de las im\u00e1genes por rayos X, ultrasonido y dem\u00e1s de la actual tecnolog\u00eda.<\/span><\/em><\/h4>\n<h4><em><span style=\"font-family: 'Times New Roman'; font-weight: normal;\">En fin y a pesar de opiniones contrarias es una ciencia fundamental para los estudiantes de las ciencias de la salud de tal manera que sigue vigente el decir de los antiguos anatomistas griegos: \u201cLa <span style=\"color: #bd2a3b;\">A<b>natom\u00eda<\/b><\/span>\u00a0es la hija predilecta de las ciencias m\u00e9dicas quien, venciendo su aversi\u00f3n, bajo a los Hades y con su escalpelo desmembr\u00f3 cuidadosamente los cad\u00e1veres. Anotando con acuciosidad todos y cada uno de sus hallazgos\u2026\u201d<\/span><\/em><\/h4>\n<p class=\"text-right thin\" style=\"text-align: right;\"><i><b>Modificado para edici\u00f3n 2016 Dr. Manuel \u00c1ngeles Castellanos<\/b><\/i><\/p>\n<p>[\/et_pb_text][\/et_pb_column][\/et_pb_row][\/et_pb_section]<\/p>\n","protected":false},"excerpt":{"rendered":"<p>Historia\u00a0de la\u00a0Anatom\u00edaAutor:\u00a0Dr. Salvador de Lara Galindo\u00a0 \u00a0 \u00a0La Historia de la Anatom\u00eda\u00a0macrosc\u00f3pica se imbrica con la de los distintos grupos humanos. Es posible que los primitivos guerreros o cazadores hayan sido los primeros en observar y detectar la forma de las v\u00edsceras, de los huesos y de los grandes vasos, entre otros \u00f3rganos, a los [&hellip;]<\/p>\n","protected":false},"author":1,"featured_media":0,"parent":0,"menu_order":0,"comment_status":"closed","ping_status":"closed","template":"","meta":{"_et_pb_use_builder":"on","_et_pb_old_content":"","_et_gb_content_width":"","jetpack_post_was_ever_published":false,"footnotes":""},"class_list":["post-154","page","type-page","status-publish","hentry"],"jetpack_sharing_enabled":true,"jetpack_shortlink":"https:\/\/wp.me\/PaS03c-2u","jetpack-related-posts":[],"_links":{"self":[{"href":"https:\/\/anatomia.facmed.unam.mx\/index.php\/wp-json\/wp\/v2\/pages\/154","targetHints":{"allow":["GET"]}}],"collection":[{"href":"https:\/\/anatomia.facmed.unam.mx\/index.php\/wp-json\/wp\/v2\/pages"}],"about":[{"href":"https:\/\/anatomia.facmed.unam.mx\/index.php\/wp-json\/wp\/v2\/types\/page"}],"author":[{"embeddable":true,"href":"https:\/\/anatomia.facmed.unam.mx\/index.php\/wp-json\/wp\/v2\/users\/1"}],"replies":[{"embeddable":true,"href":"https:\/\/anatomia.facmed.unam.mx\/index.php\/wp-json\/wp\/v2\/comments?post=154"}],"version-history":[{"count":22,"href":"https:\/\/anatomia.facmed.unam.mx\/index.php\/wp-json\/wp\/v2\/pages\/154\/revisions"}],"predecessor-version":[{"id":4652,"href":"https:\/\/anatomia.facmed.unam.mx\/index.php\/wp-json\/wp\/v2\/pages\/154\/revisions\/4652"}],"wp:attachment":[{"href":"https:\/\/anatomia.facmed.unam.mx\/index.php\/wp-json\/wp\/v2\/media?parent=154"}],"curies":[{"name":"wp","href":"https:\/\/api.w.org\/{rel}","templated":true}]}}